{"id":1990,"date":"2021-10-24T17:56:32","date_gmt":"2021-10-24T15:56:32","guid":{"rendered":"https:\/\/croitoriemobila.ro\/?page_id=1990"},"modified":"2025-06-25T10:40:41","modified_gmt":"2025-06-25T08:40:41","slug":"politica-de-confidentialitate","status":"publish","type":"page","link":"https:\/\/croitoriemobila.ro\/index.php\/politica-de-confidentialitate\/","title":{"rendered":"Politica de confidentialitate"},"content":{"rendered":"<p>[vc_row][vc_column][vc_column_text]<!-- \/wp:heading --><\/p>\n<p>\ud83d\udd10 Politica de Confiden\u021bialitate \u2013 CroitorieMobila.ro<\/p>\n<p>Ultima actualizare: [13 iunie 2025]<\/p>\n<p>CroitorieMobila.ro respect\u0103 confiden\u021bialitatea datelor tale \u0219i se angajeaz\u0103 s\u0103 le protejeze conform Regulamentului (UE) 2016\/679 privind protec\u021bia persoanelor fizice \u00een ceea ce prive\u0219te prelucrarea datelor cu caracter personal (\u201eGDPR\u201d).<\/p>\n<p>&#8212;<\/p>\n<p>1. Cine suntem<\/p>\n<p>Site-ul este operat de G FACTOR CONCEPT SRL, cu sediul \u00een [PAJUREI 14, BL 19, SC B, ET 1, AP 21, SECTOR 1, BUCURESTI, \u00eenregistrat\u0103 la ONRC cu nr. J2012004045406, CUI 30048027.<br \/>Pentru orice solicitare legat\u0103 de datele personale, ne po\u021bi contacta la: contact@croitoriemobila.ro.<\/p>\n<p>&#8212;<\/p>\n<p>2. Ce date colect\u0103m<\/p>\n<p>Colect\u0103m doar datele necesare pentru prestarea serviciilor noastre:<\/p>\n<p>Nume \u0219i prenume<\/p>\n<p>Num\u0103r de telefon<\/p>\n<p>Adres\u0103 de email<\/p>\n<p>Adres\u0103 de livrare<\/p>\n<p>Mesaje trimise prin formularele de contact<\/p>\n<p>Date tehnice (IP, browser, dispozitiv, prin cookie-uri)<\/p>\n<p>&nbsp;<\/p>\n<p>&#8212;<\/p>\n<p>3. Cum folosim datele<\/p>\n<p>Folosim datele tale doar \u00een scopuri legitime, cum ar fi:<\/p>\n<p>Procesarea comenzilor \u0219i solicit\u0103rilor de ofert\u0103<\/p>\n<p>Comunicarea cu tine \u00een leg\u0103tur\u0103 cu comenzile<\/p>\n<p>\u00cembun\u0103t\u0103\u021birea func\u021bion\u0103rii site-ului<\/p>\n<p>Activit\u0103\u021bi de marketing (doar cu consim\u021b\u0103m\u00e2ntul t\u0103u)<\/p>\n<p>&nbsp;<\/p>\n<p>&#8212;<\/p>\n<p>4. Care este temeiul legal<\/p>\n<p>Conform art. 6 din GDPR, prelucr\u0103m datele:<\/p>\n<p>cu consim\u021b\u0103m\u00e2ntul t\u0103u (ex. newsletter, mesaje marketing)<\/p>\n<p>pentru executarea unui contract (ex. onorarea unei comenzi)<\/p>\n<p>pentru respectarea unor obliga\u021bii legale<\/p>\n<p>\u00een interesul nostru legitim (ex. securitatea site-ului)<\/p>\n<p>&nbsp;<\/p>\n<p>&#8212;<\/p>\n<p>5. C\u00e2t timp p\u0103str\u0103m datele<\/p>\n<p>Datele sunt p\u0103strate:<\/p>\n<p>Pe durata rela\u021biei contractuale<\/p>\n<p>3 ani pentru solicit\u0103rile trimise prin formular<\/p>\n<p>10 ani pentru datele din documente fiscale (facturi)<\/p>\n<p>Sau p\u00e2n\u0103 c\u00e2nd \u00ee\u021bi retragi consim\u021b\u0103m\u00e2ntul, dac\u0103 acesta a fost baza legal\u0103<\/p>\n<p>&nbsp;<\/p>\n<p>&#8212;<\/p>\n<p>6. Cui transmitem datele<\/p>\n<p>Datele pot fi comunicate c\u0103tre:<\/p>\n<p>Furnizori de servicii IT \u0219i g\u0103zduire web<\/p>\n<p>Furnizori de curierat (ex. Fan Courier, Sameday)<\/p>\n<p>Procesatori de pl\u0103\u021bi sau facturare (dac\u0103 este cazul)<\/p>\n<p>Autorit\u0103\u021bi publice, \u00een baza obliga\u021biilor legale<\/p>\n<p>To\u021bi partenerii no\u0219tri sunt selecta\u021bi cu grij\u0103 \u0219i respect\u0103 la r\u00e2ndul lor normele GDPR.<\/p>\n<p>&#8212;<\/p>\n<p>7. Securitatea datelor<\/p>\n<p>Protej\u0103m datele tale prin:<\/p>\n<p>Securizarea serverului \u0219i a bazelor de date<\/p>\n<p>Acces restric\u021bionat la date<\/p>\n<p>Back-up periodic<\/p>\n<p>M\u0103suri tehnice (ex: criptare SSL, parole complexe)<\/p>\n<p>&nbsp;<\/p>\n<p>&#8212;<\/p>\n<p>8. Drepturile tale<\/p>\n<p>Ai urm\u0103toarele drepturi garantate de GDPR:<\/p>\n<p>Dreptul de acces la date<\/p>\n<p>Dreptul de rectificare a datelor<\/p>\n<p>Dreptul de \u0219tergere (\u201edreptul de a fi uitat\u201d)<\/p>\n<p>Dreptul de restric\u021bionare a prelucr\u0103rii<\/p>\n<p>Dreptul de opozi\u021bie<\/p>\n<p>Dreptul la portabilitatea datelor<\/p>\n<p>Dreptul de a depune pl\u00e2ngere la ANSPDCP (www.dataprotection.ro)<\/p>\n<p>Ne po\u021bi trimite o solicitare la contact@croitoriemobila.ro \u0219i \u00ee\u021bi vom r\u0103spunde \u00een maximum 30 zile.<\/p>\n<p>&#8212;<\/p>\n<p>9. Politica de cookie-uri<\/p>\n<p>Folosim cookie-uri pentru func\u021bionare, analiz\u0103 \u0219i marketing. Mai multe informa\u021bii po\u021bi g\u0103si [aici \u2013 link c\u0103tre politica de cookie-uri].<\/p>\n<p>&#8212;<\/p>\n<p>10. Actualiz\u0103ri<\/p>\n<p>Putem modifica aceast\u0103 politic\u0103 oric\u00e2nd. Versiunea actualizat\u0103 va fi afi\u0219at\u0103 pe aceast\u0103 pagin\u0103, cu men\u021bionarea datei ultimei modific\u0103ri.<\/p>\n<p>&#8212;<\/p>\n<p>\ud83d\udce9 Contact<\/p>\n<p>Pentru \u00eentreb\u0103ri privind protec\u021bia datelor:<br \/>Email: contact@croitoriemobila.ro<br \/>Telefon: 0754994022<\/p>\n<p>[\/vc_column_text][\/vc_column][\/vc_row]<\/p>\n","protected":false},"excerpt":{"rendered":"<p>[vc_row][vc_column][vc_column_text] \ud83d\udd10 Politica de Confiden\u021bialitate \u2013 CroitorieMobila.ro Ultima actualizare: [13 iunie 2025] CroitorieMobila.ro respect\u0103 confiden\u021bialitatea datelor tale \u0219i se angajeaz\u0103 s\u0103 le protejeze conform Regulamentului (UE) 2016\/679 privind protec\u021bia persoanelor<\/p>\n","protected":false},"author":1,"featured_media":0,"parent":0,"menu_order":0,"comment_status":"closed","ping_status":"closed","template":"","meta":{"spay_email":""},"aioseo_notices":[],"_links":{"self":[{"href":"https:\/\/croitoriemobila.ro\/index.php\/wp-json\/wp\/v2\/pages\/1990"}],"collection":[{"href":"https:\/\/croitoriemobila.ro\/index.php\/wp-json\/wp\/v2\/pages"}],"about":[{"href":"https:\/\/croitoriemobila.ro\/index.php\/wp-json\/wp\/v2\/types\/page"}],"author":[{"embeddable":true,"href":"https:\/\/croitoriemobila.ro\/index.php\/wp-json\/wp\/v2\/users\/1"}],"replies":[{"embeddable":true,"href":"https:\/\/croitoriemobila.ro\/index.php\/wp-json\/wp\/v2\/comments?post=1990"}],"version-history":[{"count":4,"href":"https:\/\/croitoriemobila.ro\/index.php\/wp-json\/wp\/v2\/pages\/1990\/revisions"}],"predecessor-version":[{"id":2440,"href":"https:\/\/croitoriemobila.ro\/index.php\/wp-json\/wp\/v2\/pages\/1990\/revisions\/2440"}],"wp:attachment":[{"href":"https:\/\/croitoriemobila.ro\/index.php\/wp-json\/wp\/v2\/media?parent=1990"}],"curies":[{"name":"wp","href":"https:\/\/api.w.org\/{rel}","templated":true}]}}